vide 36627063?
True
Is 32 a factor of 93064761?
False
Is 348 a factor of 531513782?
False
Is 22 a factor of 38692434?
True
Is 80 a factor of 38323120?
True
Is 1265 a factor of 31361880?
True
Is 989 a factor of 345669346?
True
Is 160 a factor of 225167941?
False
Is 12 a factor of 225532260?
True
Is 84146463 a multiple of 9?
True
Is 772073876 a multiple of 128?
False
Is 4529 a factor of 893952136?
True
Is 781 a factor of 7729742?
False
Is 1289 a factor of 31635927?
True
Is 103691596 a multiple of 1153?
True
Does 677 divide 30930099?
True
Does 8 divide 154394224?
True
Is 983 a factor of 119437153?
False
Does 13 divide 18124556?
False
Is 140563387 a multiple of 19?
True
Does 145 divide 1876584490?
True
Is 1698241728 a multiple of 24?
True
Is 13944013 a multiple of 25?
False
Is 30076268 a multiple of 45?
False
Does 4751 divide 930792165?
True
Is 900 a factor of 469675800?
True
Is 551773420 a multiple of 860?
True
Does 15 divide 429824070?
True
Is 3 a factor of 35109150?
True
Does 15 divide 243919058?
False
Does 9 divide 636972863?
False
Is 47 a factor of 11878721?
False
Is 10574466 a multiple of 3187?
True
Is 94247142 a multiple of 22?
True
Is 79063791 a multiple of 85?
False
Does 34 divide 28953?
False
Is 57298575 a multiple of 75?
True
Is 366270228 a multiple of 12?
True
Is 16545504 a multiple of 2882?
False
Does 7 divide 96254524?
False
Is 383751163 a multiple of 11?
False
Is 19043500 a multiple of 25?
True
Is 6 a factor of 196790677?
False
Is 3 a factor of 125856161?
False
Is 26982324 a multiple of 111?
True
Does 186 divide 4832838?
True
Is 48 a factor of 1041667488?
True
Does 17 divide 166714818?
True
Is 293022021 a multiple of 2191?
False
Is 397 a factor of 6093553?
True
Does 400 divide 2036050528?
False
Is 36150213 a multiple of 11?
True
Does 60 divide 40140457?
False
Is 30429443 a multiple of 121?
True
Is 5 a factor of 6865596?
False
Is 7217871 a multiple of 12?
False
Does 969 divide 515205437?
False
Is 96109752 a multiple of 152?
True
Is 464 a factor of 813040288?
True
Does 2364 divide 52176536?
False
Is 828 a factor of 48710226?
False
Does 1278 divide 802640487?
False
Is 1818 a factor of 877126824?
True
Is 1847657615 a multiple of 515?
False
Does 4678 divide 2055328146?
False
Is 20444220 a multiple of 306?
False
Does 1522 divide 138460906?
True
Is 4 a factor of 233509515?
False
Is 921994150 a multiple of 385?
True
Is 1294075792 a multiple of 59?
True
Does 700 divide 294106914?
False
Does 3138 divide 1449407889?
False
Is 21 a factor of 8315155?
False
Is 72813415 a multiple of 7?
False
Is 8 a factor of 1028492648?
True
Does 22 divide 8163828?
False
Is 669 a factor of 285958698?
True
Is 12 a factor of 281921256?
True
Is 23 a factor of 349831681?
False
Is 172619377 a multiple of 217?
True
Is 189154925 a multiple of 415?
True
Does 210 divide 204919989?
False
Is 43079778 a multiple of 126?
True
Is 182 a factor of 819497117?
False
Does 66 divide 2824726476?
True
Does 83 divide 1170286886?
True
Is 1724133021 a multiple of 1260?
False
Does 136 divide 17486200?
True
Does 1462 divide 51447663?
False
Is 92 a factor of 112393768?
False
Is 203 a factor of 318075787?
False
Is 547 a factor of 1068318897?
True
Does 99 divide 11200718?
False
Does 77 divide 37435503?
False
Is 719851990 a multiple of 7865?
True
Does 15 divide 860990127?
False
Is 30405600 a multiple of 328?
True
Is 169 a factor of 89374636?
True
Does 9 divide 274806418?
False
Does 851 divide 36254391?
False
Does 7065 divide 583611390?
True
Is 46066464 a multiple of 48?
True
Is 38 a factor of 47014398?
True
Is 37 a factor of 3418893?
False
Is 22 a factor of 91171599?
False
Is 40613108 a multiple of 38?
True
Does 22 divide 122880780?
True
Is 316861134 a multiple of 181?
True
Is 729541056 a multiple of 48?
True
Does 822 divide 334752102?
True
Is 7303 a factor of 78991340?
False
Is 86235564 a multiple of 502?
False
Does 2770 divide 375135560?
True
Is 142537074 a multiple of 5?
False
Does 82 divide 1284548261?
False
Is 196788328 a multiple of 88?
True
Is 4 a factor of 16319164?
True
Does 467 divide 47537248?
False
Is 26560796 a multiple of 7?
False
Is 2956743 a multiple of 4?
False
Does 3007 divide 40108308?
False
Is 5533005 a multiple of 15?
True
Is 306839399 a multiple of 191?
True
Is 132697752 a multiple of 88?
True
Is 991897344 a multiple of 16?
True
Is 385 a factor of 7166149?
False
Is 367411552 a multiple of 4421?
False
Is 214 a factor of 194268986?
True
Is 3 a factor of 48140714?
False
Is 7 a factor of 8474179?
True
Does 2131 divide 2032471084?
True
Is 30 a factor of 2311671103?
False
Is 39143650 a multiple of 79?
False
Is 17 a factor of 595290224?
True
Is 609086439 a multiple of 23?
False
Does 1088 divide 36406279?
False
Is 305353670 a multiple of 1786?
False
Is 129 a factor of 5556228?
False
Does 5765 divide 5908283310?
True
Is 10400904 a multiple of 171?
True
Does 134 divide 205854072?
False
Does 112 divide 114752288?
True
Is 421 a factor of 793523114?
False
Is 84051656 a multiple of 26?
True
Is 18 a factor of 31279590?
True
Is 6228800 a multiple of 1088?
True
Is 1539 a factor of 345383360?
False
Does 155 divide 696173510?
True
Is 389 a factor of 14118234?
False
Is 1765 a factor of 121452428?
False
Does 942 divide 1680996109?
False
Is 11 a factor of 7598220?
False
Is 10 a factor of 754839577?
False
Is 132371788 a multiple of 40?
False
Is 8 a factor of 144352297?
False
Is 70358134 a multiple of 22?
True
Does 766 divide 57322078?
True
Is 65070124 a multiple of 3959?
True
Is 68 a factor of 2431191121?
False
Is 16382357 a multiple of 147?
False
Does 2 divide 1210215?
False
Is 39 a factor of 317335356?
True
Does 18 divide 121617829?
False
Is 123 a factor of 237546825?
True
Does 9 divide 446508?
True
Is 26 a factor of 729825486?
True
Does 4 divide 2169372?
True
Does 257 divide 110628037?
False
Is 97 a factor of 405557?
True
Is 20317121 a multiple of 341?
True
Is 2431 a factor of 1885952783?
True
Is 27 a factor of 1896982524?
True
Is 4063235267 a multiple of 91?
True
Does 327 divide 263716017?
True
Is 2899267781 a multiple of 14124?
False
Does 90 divide 28946880?
True
Is 77 a factor of 79542617?
True
Is 338 a factor of 2812659?
False
Is 2624 a factor of 87212769?
False
Does 269 divide 945613817?
True
Is 1461347067 a multiple of 423?
False
Does 186 divide 156303967?
False
Is 1308072087 a multiple of 192?
False
Does 37 divide 23982882?
True
Does 55 divide 1432815615?
True
Is 59824665 a multiple of 1624?
False
Is 453 a factor of 290529?
False
Is 234854018 a multiple of 1139?
False
Is 793 a factor of 66090714?
False
Is 157486980 a multiple of 476?
True
Is 37 a factor of 65448634?
True
Is 204915852 a multiple of 1842?
False
Is 10 a factor of 4442500?
True
Is 10 a factor of 10913430?
True
Is 37351460 a multiple of 163?
False
Is 15190380 a multiple of 90?
True
Is 7 a factor of 963452371?
True
Is 109 a factor of 1440870098?
False
Does 47 divide 2132898682?
False
Is 109 a factor of 1900528053?
False
Is 302150445 a multiple of 57?
True
Is 2499890204 a multiple of 14?
True
Is 894 a factor of 192802722?
True
Is 26143012 a multiple of 2191?
True
Is 1794 a factor of 9427528?
False
Does 20 divide 493484325?
False
Does 29 divide 311229989?
False
Is 89 a factor of 7882864?
False
Does 3680 divide 2903710556?
False
Is 572 a factor of 19813331?
False
Does 1350 divide 334283577?
False
Does 155 divide 390790352?
False
Does 11 divide 5575713?
True
Does 1832 divide 219574360?
True
Does 13 divide 137054840?
True
Is 946 a factor of 174966532?
False
Does 145 divide 2911598550?
True
Does 15 divide 68460240?
True
Does 286 divide 5695118?
True
Is 53447745 a multiple of 69?
True
Does 38 divide 205601173?
False
Is 1997 a factor of 971891972?
True
Is 3635346 a multiple of 6?
True
Is 61 a factor of 53301617?
True
Does 1920 divide 245344342?
False
Does 6 divide 25975506?
True
Does 6 divide 34177?
False
Does 267 divide 20375838?
True
Is 7 a factor of 362974567?
False
Is 66894048 a multiple of 1768?
True
Is 65 a factor of 1585738682?
False
Is 28 a factor of 132490797?
False
Is 3772147882 a multiple of 1153?
True
Does 6 divide 3730479?
False
Does 96 divide 12925594?
False
Is 7 a factor of 21776025?
False
Is 1124 a factor of 219021252?
False
Is 509320 a multiple of 214?
True
Does 14 divide 881063806?
True
Is 9 a factor of 30496